ed thousands digit of 12403865?
4
What is the tens digit of 9357701?
0
What is the ten thousands digit of 2037284?
3
What is the millions digit of 11821606?
1
What is the millions digit of 10453864?
0
What is the units digit of 420274?
4
What is the tens digit of 340101?
0
What is the hundred thousands digit of 875653?
8
What is the hundreds digit of 532486?
4
What is the units digit of 2202539?
9
What is the units digit of 964115?
5
What is the thousands digit of 1089374?
9
What is the tens digit of 112046?
4
What is the thousands digit of 8147476?
7
What is the ten thousands digit of 550547?
5
What is the hundred thousands digit of 798604?
7
What is the thousands digit of 1392349?
2
What is the ten thousands digit of 178204?
7
What is the hundred thousands digit of 3417343?
4
What is the thousands digit of 8210693?
0
What is the ten thousands digit of 6436722?
3
What is the hundred thousands digit of 1808583?
8
What is the tens digit of 4590561?
6
What is the millions digit of 3522889?
3
What is the ten thousands digit of 921353?
2
What is the thousands digit of 99980?
9
What is the hundred thousands digit of 256512?
2
What is the thousands digit of 293706?
3
What is the units digit of 7404977?
7
What is the units digit of 124603?
3
What is the hundred thousands digit of 2979493?
9
What is the hundreds digit of 30712?
7
What is the millions digit of 2698000?
2
What is the ten thousands digit of 2484289?
8
What is the units digit of 149775?
5
What is the tens digit of 9411489?
8
What is the thousands digit of 38465?
8
What is the thousands digit of 16684728?
4
What is the ten thousands digit of 1756643?
5
What is the ten millions digit of 17340601?
1
What is the hundreds digit of 6662582?
5
What is the hundred thousands digit of 6336163?
3
What is the ten thousands digit of 4791447?
9
What is the hundreds digit of 13163837?
8
What is the ten thousands digit of 392441?
9
What is the ten thousands digit of 83348?
8
What is the thousands digit of 11554455?
4
What is the hundred thousands digit of 2585837?
5
What is the hundred thousands digit of 202428?
2
What is the millions digit of 4903555?
4
What is the hundred thousands digit of 29542971?
5
What is the hundred thousands digit of 985408?
9
What is the millions digit of 12471337?
2
What is the hundreds digit of 561451?
4
What is the hundreds digit of 1040860?
8
What is the thousands digit of 107448?
7
What is the thousands digit of 123762?
3
What is the ten thousands digit of 2276063?
7
What is the hundred thousands digit of 2824319?
8
What is the millions digit of 15108197?
5
What is the tens digit of 65160?
6
What is the units digit of 16656452?
2
What is the thousands digit of 66215?
6
What is the ten thousands digit of 2139909?
3
What is the millions digit of 3306012?
3
What is the hundred thousands digit of 218992?
2
What is the units digit of 116805?
5
What is the millions digit of 6466814?
6
What is the units digit of 431672?
2
What is the hundred thousands digit of 1188562?
1
What is the thousands digit of 28924256?
4
What is the hundreds digit of 1189032?
0
What is the hundred thousands digit of 956939?
9
What is the thousands digit of 19713364?
3
What is the tens digit of 241778?
7
What is the ten thousands digit of 3632139?
3
What is the units digit of 1245408?
8
What is the tens digit of 26528?
2
What is the ten thousands digit of 757098?
5
What is the ten thousands digit of 1347808?
4
What is the hundred thousands digit of 14281055?
2
What is the ten thousands digit of 61539?
6
What is the hundred thousands digit of 416115?
4
What is the hundred thousands digit of 1640318?
6
What is the hundreds digit of 2035838?
8
What is the tens digit of 198198?
9
What is the hundred thousands digit of 5579846?
5
What is the ten thousands digit of 11018021?
1
What is the hundred thousands digit of 106253?
1
What is the ten thousands digit of 11662?
1
What is the tens digit of 333324?
2
What is the tens digit of 12465968?
6
What is the ten thousands digit of 157186?
5
What is the tens digit of 3066670?
7
What is the ten thousands digit of 1703744?
0
What is the thousands digit of 4035383?
5
What is the units digit of 1965446?
6
What is the units digit of 673367?
7
What is the thousands digit of 159858?
9
What is the hundred thousands digit of 1833918?
8
What is the units digit of 1078501?
1
What is the hundreds digit of 118334?
3
What is the units digit of 238374?
4
What is the hundred thousands digit of 266453?
2
What is the units digit of 216372?
2
What is the thousands digit of 38782?
8
What is the units digit of 1738923?
3
What is the ten thousands digit of 463001?
6
What is the thousands digit of 5232539?
2
What is the hundred thousands digit of 584989?
5
What is the tens digit of 13982071?
7
What is the hundreds digit of 162982?
9
What is the ten thousands digit of 5390269?
9
What is the hundred thousands digit of 108267?
1
What is the ten thousands digit of 3297223?
9
What is the tens digit of 520448?
4
What is the hundred thousands digit of 1856351?
8
What is the ten thousands digit of 4997920?
9
What is the millions digit of 5057167?
5
What is the hundred thousands digit of 772436?
7
What is the thousands digit of 35573?
5
What is the thousands digit of 200294?
0
What is the hundred thousands digit of 109090?
1
What is the tens digit of 5282157?
5
What is the ten thousands digit of 246406?
4
What is the units digit of 25291752?
2
What is the tens digit of 274801?
0
What is the units digit of 7766419?
9
What is the tens digit of 986564?
6
What is the hundreds digit of 680979?
9
What is the tens digit of 8916342?
4
What is the millions digit of 1441936?
1
What is the thousands digit of 6577171?
7
What is the tens digit of 44591?
9
What is the thousands digit of 3673939?
3
What is the hundred thousands digit of 9080407?
0
What is the hundreds digit of 4266627?
6
What is the units digit of 8689?
9
What is the units digit of 717760?
0
What is the tens digit of 1361131?
3
What is the units digit of 4406287?
7
What is the millions digit of 1698176?
1
What is the units digit of 4288029?
9
What is the hundreds digit of 3910711?
7
What is the hundred thousands digit of 4537815?
5
What is the units digit of 1704087?
7
What is the hundreds digit of 66157?
1
What is the hundred thousands digit of 194263?
1
What is the tens digit of 766268?
6
What is the hundreds digit of 13958548?
5
What is the tens digit of 421844?
4
What is the ten thousands digit of 20401320?
0
What is the thousands digit of 730854?
0
What is the units digit of 3113415?
5
What is the hundred thousands digit of 227834?
2
What is the thousands digit of 7933581?
3
What is the tens digit of 17963681?
8
What is the thousands digit of 6422?
6
What is the thousands digit of 8493782?
3
What is the thousands digit of 7690?
7
What is the tens digit of 1840743?
4
What is the tens digit of 7181186?
8
What is the hundreds digit of 6604968?
9
What is the tens digit of 2094598?
9
What is the ten thousands digit of 231063?
3
What is the ten thousands digit of 502473?
0
What is the thousands digit of 2199824?
9
What is the thousands digit of 3360741?
0
What is the units digit of 5355863?
3
What is the thousands digit of 60678?
0
What is the ten thousands digit of 10506?
1
What is the hundreds digit of 797363?
3
What is the millions digit of 2774681?
2
What is the hundred thousands digit of 21046599?
0
What is the hundreds digit of 21199680?
6
What is the ten thousands digit of 659018?
5
What is the thousands digit of 681472?
1
What is the thousands digit of 2186781?
6
What is the thousands digit of 333556?
3
What is the hundred thousands digit of 3073406?
0
What is the millions digit of 21815351?
1
What is the ten thousands digit of 752822?
5
What is the millions digit of 6256080?
6
What is the tens digit of 1822491?
9
What is the units digit of 2205680?
0
What is the hundreds digit of 39107851?
8
What is the hundreds digit of 67108?
1
What is the hundreds digit of 103082?
0
What is the thousands digit of 275017?
5
What is the units digit of 534214?
4
What is the hundred thousands digit of 990969?
9
What is the tens digit of 1946583?
8
What is the hundreds digit of 22640052?
0
What is the units digit of 980302?
2
What is the hundreds digit 